ue
Does 4 divide 10122?
False
Is 4592 a multiple of 8?
True
Is 99 a factor of 990?
True
Is 64 a factor of 28608?
True
Is 18 a factor of 5065?
False
Is 4 a factor of 1827?
False
Is 4 a factor of 76?
True
Is 16324 a multiple of 4?
True
Is 32 a factor of 6015?
False
Is 53485 a multiple of 5?
True
Is 30969 a multiple of 111?
True
Is 119 a factor of 20308?
False
Does 21 divide 462?
True
Is 564 a multiple of 47?
True
Is 5850 a multiple of 50?
True
Is 949 a multiple of 6?
False
Is 6 a factor of 2558?
False
Is 15 a factor of 5109?
False
Is 11 a factor of 2020?
False
Does 22 divide 40?
False
Is 14 a factor of 518?
True
Does 27 divide 246?
False
Does 13 divide 2678?
True
Is 4686 a multiple of 22?
True
Does 87 divide 4222?
False
Does 2 divide 342?
True
Is 30495 a multiple of 6?
False
Is 337 a multiple of 17?
False
Is 57 a factor of 15778?
False
Is 2149 a multiple of 5?
False
Is 6 a factor of 4584?
True
Is 59 a factor of 264?
False
Does 115 divide 26565?
True
Is 43117 a multiple of 164?
False
Is 483 a multiple of 7?
True
Does 11 divide 68354?
True
Is 95256 a multiple of 14?
True
Does 146 divide 49932?
True
Is 140 a multiple of 20?
True
Does 2 divide 1243?
False
Is 26410 a multiple of 95?
True
Does 2 divide 16571?
False
Is 2160 a multiple of 24?
True
Is 21730 a multiple of 8?
False
Is 1076 a multiple of 20?
False
Is 42 a factor of 9954?
True
Does 7 divide 88?
False
Is 428 a multiple of 20?
False
Is 36 a factor of 324?
True
Does 8 divide 1487?
False
Does 29 divide 12006?
True
Is 7649 a multiple of 96?
False
Does 13 divide 21?
False
Is 1265 a multiple of 58?
False
Is 139 a multiple of 9?
False
Is 40921 a multiple of 151?
True
Is 67 a factor of 46768?
False
Is 13 a factor of 4410?
False
Does 6 divide 1026?
True
Is 7549 a multiple of 110?
False
Does 6 divide 15125?
False
Is 28380 a multiple of 215?
True
Does 2 divide 320?
True
Is 312 a multiple of 4?
True
Does 3 divide 227?
False
Is 360 a multiple of 9?
True
Is 2800 a multiple of 10?
True
Does 288 divide 32373?
False
Does 17 divide 7004?
True
Is 2010 a multiple of 33?
False
Is 385 a multiple of 5?
True
Does 13 divide 2397?
False
Is 857 a multiple of 46?
False
Does 6 divide 89?
False
Is 3962 a multiple of 9?
False
Does 21 divide 3036?
False
Is 5 a factor of 95?
True
Is 2066 a multiple of 23?
False
Is 1056 a multiple of 22?
True
Is 1714 a multiple of 2?
True
Is 81821 a multiple of 17?
True
Is 17 a factor of 9739?
False
Is 4224 a multiple of 16?
True
Does 30 divide 2811?
False
Is 301 a factor of 5418?
True
Does 4 divide 546?
False
Does 4 divide 3544?
True
Does 11 divide 4466?
True
Is 611 a multiple of 13?
True
Is 1475 a multiple of 25?
True
Does 96 divide 20640?
True
Does 13 divide 793?
True
Is 1998 a multiple of 27?
True
Is 2037 a multiple of 97?
True
Is 5 a factor of 670?
True
Is 22 a factor of 902?
True
Does 77 divide 6314?
True
Is 3307 a multiple of 34?
False
Does 51 divide 2754?
True
Does 11 divide 396?
True
Is 29 a factor of 14384?
True
Is 28 a factor of 560?
True
Does 11 divide 19626?
False
Does 3 divide 20101?
False
Is 61 a factor of 61?
True
Is 7 a factor of 50519?
True
Is 24190 a multiple of 59?
True
Is 14 a factor of 2156?
True
Is 31 a factor of 434?
True
Is 130 a multiple of 13?
True
Does 118 divide 590?
True
Is 69 a factor of 1794?
True
Is 5511 a multiple of 11?
True
Is 218 a factor of 10533?
False
Is 15561 a multiple of 19?
True
Is 2734 a multiple of 3?
False
Does 56 divide 56?
True
Is 10 a factor of 80?
True
Does 39 divide 1318?
False
Is 79 a factor of 28914?
True
Is 10 a factor of 2766?
False
Is 1770 a multiple of 118?
True
Is 45 a factor of 3620?
False
Is 5 a factor of 10390?
True
Does 12 divide 1200?
True
Is 74690 a multiple of 154?
True
Is 17 a factor of 739?
False
Is 6 a factor of 134?
False
Is 213 a factor of 51972?
True
Does 19 divide 1273?
True
Is 14 a factor of 630?
True
Is 12 a factor of 9900?
True
Does 9 divide 392?
False
Is 10 a factor of 3859?
False
Does 4 divide 182?
False
Is 33507 a multiple of 17?
True
Is 30 a factor of 623?
False
Does 42 divide 74947?
False
Is 13 a factor of 2002?
True
Is 2 a factor of 2385?
False
Does 3 divide 825?
True
Does 8 divide 1265?
False
Does 21 divide 372?
False
Is 24 a factor of 265?
False
Is 720 a multiple of 6?
True
Is 41 a factor of 26691?
True
Is 39 a factor of 360?
False
Is 826 a multiple of 3?
False
Is 7 a factor of 295?
False
Is 9 a factor of 39?
False
Is 3 a factor of 111?
True
Does 22 divide 1496?
True
Is 13 a factor of 6883?
False
Does 408 divide 4488?
True
Does 34 divide 35796?
False
Is 3 a factor of 5037?
True
Does 5 divide 27797?
False
Is 18283 a multiple of 41?
False
Is 7411 a multiple of 15?
False
Does 99 divide 18227?
False
Is 27 a factor of 44928?
True
Does 69 divide 158687?
False
Does 97 divide 87009?
True
Does 112 divide 14336?
True
Is 13 a factor of 36?
False
Is 3793 a multiple of 6?
False
Does 151 divide 2114?
True
Is 3 a factor of 16?
False
Is 7205 a multiple of 11?
True
Does 74 divide 1890?
False
Is 12138 a multiple of 34?
True
Is 627 a multiple of 15?
False
Is 426 a multiple of 2?
True
Does 31 divide 7180?
False
Is 243 a multiple of 25?
False
Is 9160 a multiple of 8?
True
Is 38 a factor of 10374?
True
Does 17 divide 11968?
True
Is 64481 a multiple of 10?
False
Is 2016 a multiple of 74?
False
Is 4456 a multiple of 4?
True
Does 33 divide 4782?
False
Is 683 a multiple of 4?
False
Is 20267 a multiple of 17?
False
Does 13 divide 8476?
True
Is 207 a multiple of 69?
True
Does 17 divide 4641?
True
Is 564 a multiple of 38?
False
Does 8 divide 36554?
False
Does 13 divide 1092?
True
Is 5 a factor of 366?
False
Is 288 a multiple of 7?
False
Is 25 a factor of 851?
False
Is 7522 a multiple of 10?
False
Does 182 divide 16361?
False
Does 15 divide 497?
False
Is 41 a factor of 656?
True
Is 169 a factor of 10583?
False
Is 20 a factor of 1600?
True
Is 1082 a multiple of 2?
True
Is 27 a factor of 540?
True
Does 37 divide 37?
True
Is 30890 a multiple of 39?
False
Does 7 divide 301?
True
Is 7 a factor of 1720?
False
Is 42864 a multiple of 76?
True
Does 22 divide 968?
True
Is 20976 a multiple of 24?
True
Does 5 divide 75?
True
Does 23 divide 1104?
True
Does 96 divide 6425?
False
Is 58 a factor of 990?
False
Is 24 a factor of 21480?
True
Is 728 a multiple of 14?
True
Does 13 divide 223?
False
Does 38 divide 8490?
False
Is 46425 a multiple of 52?
False
Is 14 a factor of 392?
True
Is 20 a factor of 23160?
True
Is 12247 a multiple of 64?
False
Does 6 divide 9630?
True
Is 392 a multiple of 28?
True
Does 17 divide 1517?
False
Does 17 divide 24627?
False
Is 37 a factor of 3991?
False
Does 107 divide 1605?
True
Is 263 a factor of 25255?
False
Does 174 divide 12528?
True
Is 32243 a multiple of 93?
False
Is 94 a multiple of 11?
False
Is 11 a factor of 778?
False
Is 163 a factor of 8476?
True
Is 84 a factor of 26100?
False
Is 1011 a multiple of 15?
False
Does 13 divide 4706?
True
Is 5575 a multiple of 25?
True
Is 43 a factor of 6184?
False
Is 85 a multiple of 5?
True
Does 19 divide 1748?
True
Is 4782 a multiple of 6?
True
Does 21 divide 4076?
False
Is 3 a factor of 42?
True
Is 19866 a multiple of 154?
True
Is 53 a multiple of 24?
False
Is 2352 a multiple of 48?
True
Is 8 a factor of 23841?
False
Does 25 divide 495?
False
Does 53 divide 371?
True
Does 4 divide 445?
False
Does 160 divide 21347?
False
Does 33 divide 131141?
False
Is 105 a factor of 11920?
False
Is 3627 a multiple of 53?
False
Is 7 a factor of 1517?
False
Is 14 a factor of 336?
True
Is 191 a factor of 83085?
True
Is 364 a multiple of 13?
True
Is 500 a multiple of 2?
True
Is 5607 a multiple of 89?
True
Is 69 a factor of 828?
True
Is 12 a factor of 1921?
False
Is 41462 a multiple of 14?
False
Is 2575 a multiple of 18?
False
Is 2120 a multiple of 8?
True
Is 7 a factor of 1307?
False
Is 84 a factor of 1008?
True
Does 83 divide 8300?
True
Is 14 a factor of 11466?
True
Is 1188 a multiple of 18?
True
Is 121022 a multiple of 43?
False
Does 29 divide 3789?
False
Is 11 a factor of 331?
False
Is 77 a factor of 32468?
False
Is 22 a factor of 3029?
False
Is 9916 a multiple of 134?
True
Does 32 divide 96?
True
Is 9376 a multiple of 12?
False
Is 23 a factor of 5194?
False
Does 13 divide 13806?
True
Is 11 a factor of 498?
False
Is 19 a factor of 6674?
False
Does 22 divide 3000?
False
Is 36890 a multiple of 17?
T